u + 7. Let v(s) = -s**2 - s. Let l(b) = -5*v(b) - x(b). Let r be l(5). Is m(r) a prime number?
False
Let h = -173 - -424. Is h prime?
True
Let r(a) = -a. Let v(i) = 21*i - 7. Let h(w) = -2*r(w) - v(w). Is h(-6) prime?
False
Let j be 12*3*4/(-24). Let o(s) = 4*s**2 + 3 - 3*s - 3*s**2 + 6*s. Is o(j) prime?
False
Suppose -x + 15 = 2*x. Suppose x*d - 383 = 62. Is d composite?
False
Let d = 47 - -6. Is d composite?
False
Let b(q) = q - 5. Let w be b(7). Suppose 0 = -w*i - 0*i. Suppose m - 69 - 112 = i. Is m prime?
True
Is (20/(-8))/(2/(-212)) prime?
False
Suppose 0 = 5*d - 68 - 57. Suppose 0*q = q - d. Let s = q - 14. Is s a prime number?
True
Let w = 359 + -136. Is w a prime number?
True
Let t(s) = -237*s - 34. Is t(-5) a composite number?
False
Suppose 2 = -5*f - 2*o, 3*f - 3 + 1 = -2*o. Let r be 311/(-3) + f/6. Let a = -35 - r. Is a composite?
True
Suppose 2*c - 5*a + 4681 = 0, 0*a + 20 = 4*a. Is ((-2)/8)/(6/c) prime?
True
Let a = 0 + 2. Suppose -4*m + a*o = -200, -3*o - 151 = -3*m - o. Is m a composite number?
True
Let b be -1*2/((-2)/(-55)). Is -2 + (0 - (b + 0)) prime?
True
Let u be (2/6)/(3/207). Let q = -50 + u. Let j = q + 38. Is j composite?
False
Let j be -5*(12/(-5) + 2). Let y be 1 + 4/(0 - j). Is (-7)/(-2) + y/2 prime?
True
Let t(y) = y**3 - 9*y**2 - 2. Let l be t(4). Let m = l + 116. Is m a composite number?
True
Let y = 532 - 333. Is y a composite number?
False
Let j(t) = 2*t**2 + t + 1. Let w be j(-1). Let r(c) = c**2 - 1. Is r(w) composite?
False
Suppose 0*g + 42 = 3*g. Suppose -4*a - 2 = g. Let i(c) = -5*c - 5. Is i(a) prime?
False
Suppose 0 = -3*g - 2*x + 365, g - 2*g + 116 = -5*x. Let f = g + -183. Let r = 33 - f. Is r composite?
True
Let l(q) be the second derivative of -8*q**3 - q**2 - 7*q. Is l(-2) a prime number?
False
Is 76 - (12/(-3) + 3) composite?
True
Let h(n) = 147*n - 2. Is h(3) a prime number?
True
Let v(h) = -7*h - 5. Let o be (-1 - -2*1)*0. Suppose o*k = k + 8. Is v(k) composite?
True
Let d = -10 - -6. Suppose 4*u + 16 = 4*n, -2 = n + 4*u - 6. Is n*(-1)/(d/19) a prime number?
True
Let y = -523 + 756. Is y a prime number?
True
Let y(w) = -4*w**2 - 10*w - 5. Let u(k) = -9*k**2 - 21*k - 11. Let t(o) = -6*u(o) + 13*y(o). Is t(3) a composite number?
False
Let u(f) = -f**3 - f**2 + 3*f - 9. Let m be u(-8). Let k = m - 98. Is k a composite number?
False
Let a(n) = -9*n + 3*n - 6*n - 4*n**2 + 3*n**2. Is a(-7) composite?
True
Let z(v) = 2*v - 6. Let c = -3 - -9. Let a be z(c). Suppose w = a*w - 130. Is w prime?
False
Suppose 2*t + 4*r - 4686 = 0, 3*r = 2*t + 4*r - 4674. Is t prime?
False
Suppose -6*d = -a - 4*d - 8, -5*a + 5 = -d. Let h(q) = q**a + 4*q + 3*q**2 + 7 + 0*q**2. Is h(-6) a prime number?
True
Suppose 5*s = 10 + 5. Suppose s*u = -u - 612. Let k = u - -248. Is k a prime number?
False
Let v = -2290 - -5243. Is v a prime number?
True
Let d(i) = -i**3 - 8*i**2 - 8*i - 1. Let f be d(-7). Suppose 940 = -2*l + f*l. Is l a prime number?
False
Suppose -4*z + 168 = -4*r, 5*r + 48 = z - 6. Is z/(-2)*(-6)/9 a prime number?
True
Let b be 245/(-9) - 6/(-27). Let q = 230 + b. Is q composite?
True
Let f(n) = -n**2 - 5*n - 4. Let q = -11 - -8. Let p be f(q). Suppose 3*u + 0 = -15, p*u + 76 = 2*l. Is l composite?
True
Suppose -15 = -5*h - 0. Suppose -4*a - 16 = 0, 0 = -6*k + 3*k - h*a + 549. Is k prime?
False
Let p be 6/(-8)*(-12 - -8). Suppose -p*l + 163 = -254. Is l a composite number?
False
Let h(l) be the second derivative of -l**6/720 + 17*l**5/60 - l**4/12 + l. Let m(g) be the third derivative of h(g). Is m(0) prime?
False
Let h(x) = 3*x**3 + 4*x**2 + 6*x + 6. Let b be h(-4). Let k = b + 439. Is k a composite number?
False
Let o(r) = 7*r**3 + 4*r - 8. Is o(5) a prime number?
True
Let s be (0 + 2)*(-4)/(-4). Suppose -7 = 2*t - s*z + z, -3*t + 3*z = 3. Is (t/9)/(4/(-222)) a composite number?
False
Suppose -4*v + 54 = 5*l + 12, -l + v = -3. Let q(z) be the second derivative of z**4/12 + 5*z**3/6 - 9*z**2/2 + z. Is q(l) a composite number?
True
Let x(g) = -g**2 - 8*g - 2. Let r be x(-6). Suppose -5*l - r = -645. Is l a prime number?
True
Let x = 285 - -142. Is x a composite number?
True
Let d(j) = -19*j - 22. Let h(g) = 6*g + 7. Let x(l) = 3*d(l) + 8*h(l). Is x(-7) a prime number?
True
Suppose 0 = 4*r + 5*d - 93, 4*r - 3*r = 5*d - 8. Let f = 48 - r. Is f a composite number?
False
Let t(w) = w - 1. Let l be (6/10)/((-2)/(-10)). Let v be t(l). Is (v - -1 - 1) + 65 a prime number?
True
Let c(i) = 12*i**2 - 7*i - 3. Let u be c(6). Let o = -176 + u. Is o composite?
False
Let n(q) = -2*q + 3. Let z be n(2). Is z/((-2)/74)*5 a composite number?
True
Is (30/6)/((-2)/(-46)) a composite number?
True
Let c(j) = -j**2 + 5*j - 3. Let g be c(6). Let f(z) = -z**2 - z + 9. Let d(p) = p + 1. Let k(i) = 3*d(i) - f(i). Is k(g) a prime number?
False
Suppose 3*l - 926 = -u, 0*u + 2*u = -l + 1852. Suppose -2*v = -4*v - u. Let b = -240 - v. Is b a prime number?
True
Suppose -7*r + 30 = -2*r. Suppose -r*w = -w. Suppose m = -4*h + 3*h + 15, w = 3*m - 3*h - 21. Is m a composite number?
False
Let u = 6 - 1. Let p(y) = 3*y**3 - y**2 + 11*y + 9. Let d(c) = -2*c**3 + c**2 - 6*c - 4. Let l(b) = -5*d(b) - 3*p(b). Is l(u) a composite number?
False
Let v be -1 - 3/((-6)/10). Let d = -2 + v. Is ((-127)/d)/(5/(-10)) prime?
True
Suppose -3*b + v = 12, -6 = -3*b + 2*b - 3*v. Let s be 2*(2 + b)*-2. Suppose -3*p = 5*a - a - 53, 77 = s*p - a. Is p composite?
False
Let d = -30 - -68. Let r(h) = 25*h - 1. Let j be r(6). Let w = d + j. Is w composite?
True
Let b = 15 - 9. Suppose 4*a + 33 = 5*q, q + 35 = b*q - 5*a. Suppose -2*j - q*h = -4, 3*j - 4*h - 29 = -0*h. Is j a composite number?
False
Is 121 + 1/(4/8) composite?
True
Let b(r) = 3*r**2 + 24*r + 5. Is b(-12) a composite number?
False
Let f(j) = -10*j**3 - 5*j**2 - 4*j + 1. Let l be f(-3). Let y = -121 + l. Suppose 5*k - y = 3*b + 98, -b = 0. Is k composite?
False
Let h be (2 - 1)*(4 + 0). Suppose -k - 140 = h*k. Let j = k + 63. Is j a composite number?
True
Suppose 0 = -4*z - z + 5, -4*s = -3*z - 55057. Is s a composite number?
True
Let b(y) be the first derivative of 5*y**4/12 + 2*y**3/3 - 3*y**2/2 - 2. Let d(a) be the second derivative of b(a). Is d(3) prime?
False
Suppose 0 = 5*y - 982 - 33. Is y composite?
True
Is ((-39)/13)/((-2)/(2*173)) prime?
False
Suppose 0 = 3*v + 2*v - 565. Is v prime?
True
Is 525/4 + 32/(-128) a composite number?
False
Suppose -3*g + 4072 = 5*r, -3*r + 4*g = r - 3232. Suppose 6*z - r = 2*z. Is z a composite number?
True
Suppose -10 = 2*c, q = -3*c - c + 399. Is q a composite number?
False
Let u(i) be the third derivative of i**5/20 + 5*i**4/24 - i**3/2 - 2*i**2. Let m = 4 - 8. Is u(m) composite?
True
Let c be 0 + 1 + 3 + -2. Let t = c + 3. Suppose -q = -5, 4*j - 357 = -0*q - t*q. Is j a composite number?
False
Let b = 1 - -1. Suppose 0 = -4*w + 4*p + 684, -w + 2*p + 114 = -62. Suppose w = 2*n + 2*l, 349 = 4*n - b*l + 17. Is n a composite number?
False
Let n(j) = j - 2. Let q be n(-4). Let p = 9 - q. Is p a prime number?
False
Let u(c) = c**3 - 6*c**2 + 6*c - 3. Let y be u(5). Suppose -4*h + 13 = -4*k + 1, 0 = -y*h - 6. Let n(b) = b**2 - b + 7. Is n(k) prime?
False
Suppose -4*q + 22 - 2 = 0. Suppose -2*p - q*u - 75 = -194, 0 = p - 2*u - 73. Is p a composite number?
False
Let j = -7 + 1. Is 86*j*2/(-8) a composite number?
True
Let i be (3 - 2)*9/3. Let o be (-1)/(0 + 3/(-186)). Suppose -3*d + o = -k, 0*d + i*d + 2*k = 65. Is d a prime number?
False
Let n(v) = -50*v - 9. Is n(-8) a prime number?
False
Let d = -1 - 0. Let y = 5 - -42. Is ((-3)/3*y)/d a composite number?
False
Suppose 0 = -9*p + 7*p + 3586. Is p a composite number?
True
Suppose -3*s - 11*s = -6286. Is s composite?
False
Let b(t) = t**2 + 8*t. Let o be b(-6). Let s(m) = -46*m - 17. Is s(o) a prime number?
False
Is 10/(-75) + (-3 - (-7684)/30) composite?
True
Let i(s) = 4*s**2 + 12*s + 3. Suppose f + 4 = -4. Is i(f) composite?
False
Suppose 1585 = -7*l + 6576. Is l composite?
True
Suppose 2*j - 3*j - 31 = -l, 0 = 2*l + 2*j - 70. Suppose -3*v - l = -4*v. Is v a prime number?
False
Let t be (2/(-2))/((-3)/261). Is (t + -1 + 0)/2 composite?
False
Is -4 - -6 - 3*-25 a prime number?
False
Suppose 0 = -2*x + 128 + 98. Is x composite?
False
Let c(s) = -s**3 - 4*s**2 - 9*s - 6. Let r be c(-8). Suppose -j - j = -r. Is j composite?